0 = 6*o - 2*o - 28. What is the remainder when 3/((-57)/20 - -3) is divided by o?
6
Suppose -2*j = j + 4*a - 17, -52 = -4*j + 2*a. Let p = j - -3. What is the remainder when 41 is divided by p?
13
Suppose 46 + 76 = 4*f + 5*z, -4*f + 128 = 2*z. Calculate the remainder when f is divided by 18.
15
Suppose -2*t = -0 - 2. Let i(k) = 17*k**2 - k + 1. Suppose -8*o = -4*o - 36. Calculate the remainder when i(t) is divided by o.
8
Suppose 4*n - 426 = 2*u + 144, 0 = 3*u - 9. Calculate the remainder when n is divided by 37.
33
Let y(g) = -4*g**2 - 2. Let k be y(2). Let l = k - -29. Calculate the remainder when 31 is divided by l.
9
Calculate the remainder when (23*(-2 + -1) - 1)/(-1) is divided by 33.
4
Suppose -5*j - 255 + 73 = -2*l, 3*l - 255 = 3*j. Let r = l + -58. Calculate the remainder when r is divided by 13.
10
Let a(d) = d**2 + 3*d + 9. Calculate the remainder when 34 is divided by a(-3).
7
Suppose -29 + 209 = 4*o - 4*x, -115 = -2*o - 3*x. Suppose -3*s = -o + 14. What is the remainder when 35 is divided by s?
11
Let c = -65 - -74. What is the remainder when (4/3)/(4/102) is divided by c?
7
Let f = -13 - -10. Suppose 0 = 2*o - 4*n - 12, n - 5 + 1 = 0. Let d = f + o. Calculate the remainder when 30 is divided by d.
8
Suppose -6*u + 158 = -136. What is the remainder when u is divided by 13?
10
Let w be 6/(-4)*4/(-3). Suppose 10 = 3*o + w*o. Suppose -3*j - o*j + 145 = 0. What is the remainder when j is divided by 15?
14
Let o = 197 + -161. Let s = 33 + -20. Calculate the remainder when o is divided by s.
10
Let a = 151 + -115. Calculate the remainder when 179 is divided by a.
35
Suppose -5*n = -17 + 2. Let f be 6/4*(-4)/(-3). Suppose -5*h + m = -18 - 19, f*h - 4 = 4*m. What is the remainder when h is divided by n?
2
Let j(z) = -4*z - 21. What is the remainder when 26 is divided by j(-7)?
5
What is the remainder when (-1)/(-3) - (1280/(-12))/4 is divided by 7?
6
Let p(x) = -x + 2. Calculate the remainder when 4 is divided by p(-1).
1
Let s be 174/(-4)*4/(-6). Suppose -s + 97 = 4*u. Let p = u - 8. What is the remainder when 16 is divided by p?
7
Let j = 1 - -1. Suppose -j - 4 = 3*c. Let w = c + 19. What is the remainder when 32 is divided by w?
15
Let h(p) be the second derivative of -p**5/20 + 5*p**4/12 + p**2/2 + 2*p. Let q(k) = -k + 19. What is the remainder when h(3) is divided by q(9)?
9
What is the remainder when 122 is divided by 20 - -3 - (-8)/(4 + 0)?
22
Suppose -k = -0*k - 4*u - 44, -2*u = -k + 38. Calculate the remainder when 189 is divided by k.
29
Suppose 4*y - 414 = 62. What is the remainder when y is divided by 30?
29
Suppose 5*d = 57 - 2. Let k(p) = -2*p**2 + 4*p + 7. Let y be k(-6). Let c = -58 - y. What is the remainder when c is divided by d?
9
Let g = 113 - 61. Calculate the remainder when g is divided by 27.
25
Let j be (-6)/15*(3 - 83). Suppose -5*h - 60 = -4*t - 3*h, -j = -3*t - 5*h. What is the remainder when 55 is divided by t?
13
Let z(j) = -j**2 + 5*j - 1. Suppose -4*u = -2*u - 8. Let o(m) = m**2 + 9*m + 21. Calculate the remainder when o(-6) is divided by z(u).
0
Let y = 87 + -37. Calculate the remainder when y is divided by 17.
16
Suppose 4*f = 7 - 3. Let r = 4 + f. Calculate the remainder when 13 is divided by r.
3
Suppose -3*j + j = 8. Calculate the remainder when 46 is divided by (j/(-10))/(2/60).
10
Suppose 0 = w - 4*i - 19, -3*i - 16 = -w - 0*w. Calculate the remainder when w is divided by -6*(28/12 - (-12)/(-4)).
3
Suppose 0 = -h + 3, 3*z - 4*z - 6 = -5*h. Calculate the remainder when 62 is divided by z.
8
Let a be 2/(-8) + (-55)/4. Let y be (1/2)/((-3)/(-174)). Let o = y + a. Calculate the remainder when 44 is divided by o.
14
Let v(k) = k - 4. Let y be v(5). Calculate the remainder when 21 is divided by -3*1 + y + 15.
8
Suppose 0 = 3*a - 33 - 9. Calculate the remainder when 37 is divided by a.
9
Suppose 30 + 0 = 3*s. What is the remainder when 9 is divided by (-98)/(-35) + 2/s?
0
Let k = 13 - 8. Suppose 2 = k*r - 4*r. Suppose d - 16 - 2 = r*n, -2*d + 2*n = -32. What is the remainder when d is divided by 8?
6
Suppose 2*l - 24 = d, 0 = 3*d + 11 + 1. Let p = -99 + 225. What is the remainder when (p/24)/(3/16) is divided by l?
8
Let y(v) be the second derivative of 2*v**3 - 3*v**2/2 + 3*v. Calculate the remainder when y(3) is divided by 17.
16
Suppose 5*b - 2*z + 0*z - 90 = 0, z = b - 21. What is the remainder when 45 is divided by b?
13
Let l(y) = y**3 - y + 10. Let c(u) = u**3 - 17*u**2 + 16*u + 4. Calculate the remainder when l(0) is divided by c(16).
2
Suppose 5*f - 17 - 3 = 0. Suppose f*l - i = i + 130, 3*l - 2*i - 96 = 0. Calculate the remainder when l is divided by 12.
10
Suppose c = a + 7, 2*c + 0*c = 4*a + 18. Calculate the remainder when 14 is divided by c.
4
Suppose -5*i - a + 12 = -3*i, 3*a = 2*i + 4. Suppose y = 2*q - 20, 0 = 4*q - 3*y - 44 + 6. Calculate the remainder when q is divided by i.
3
Suppose 2*r - 178 = -4*v, 2*v + 4 = 2. Suppose 14 = 5*y - r. Calculate the remainder when 39 is divided by y.
18
Let h(u) = u**2 - 9*u + 2. Calculate the remainder when h(9) is divided by 1.
0
Let q(w) be the first derivative of 2*w**3/3 + w**2/2 - 2*w - 3. Suppose 0 = -5*u + 5, 5*z - 27 - 9 = -u. Calculate the remainder when z is divided by q(-2).
3
Let m = 0 + 3. Calculate the remainder when m is divided by 2.
1
Let o(h) = -h + 7. Let w be 3/(-15) - 29/5. What is the remainder when (-210)/(-9) + (-1)/3 is divided by o(w)?
10
Suppose -2*n + n = 5*j + 10, -3*n = 5*j. Calculate the remainder when 19 is divided by n.
4
Let p(k) = k**2 - 3*k - 2. What is the remainder when p(5) is divided by 3?
2
Let d(v) = v - 2. Let h be d(7). Suppose h*w - 3*o - 70 = 0, 4*w - 5*o = w + 58. What is the remainder when 42 is divided by w?
9
Let c be (2 - -44)*5/10. Suppose k = 3*k - 6. Suppose -3*s = 5*i - c, 9*s - 4*s - 49 = -k*i. What is the remainder when 20 is divided by s?
9
Let q be 2/(9/(-6) + 2). Calculate the remainder when 54 is divided by (-19)/((-2)/(q - 2)).
16
Let q(n) = -5*n + n**2 + 5*n - 2*n**2 + 11. Calculate the remainder when q(0) is divided by 3.
2
Let q = 25 + -18. What is the remainder when 47 is divided by q?
5
Let b be (0/4)/(3 - 2). Suppose -3 = -s - b*s. Suppose -50 = -s*a + 55. What is the remainder when a is divided by 18?
17
Let w(x) = 4*x + 1. Let l be w(1). Suppose d = -l + 33. Calculate the remainder when d is divided by (100/(-30))/((-4)/18).
13
Let c(f) = -f**3 + 9*f**2 + 11*f + 5. Calculate the remainder when 59 is divided by c(10).
14
Let n(p) = -22*p. Let t be n(1). Let m = -14 - t. Suppose 9 = 2*o + o. Calculate the remainder when m is divided by o.
2
Let h(x) = x**3 + 11*x**2 + 4*x + 1. Calculate the remainder when h(-10) is divided by 13.
9
Let b(v) = -v**3 - v**2 - v + 4. Let t be b(0). Suppose -3*k + t*k = 26. What is the remainder when 50 is divided by k?
24
Suppose 7*m - 143 = -31. What is the remainder when m is divided by 7?
2
Let c be -159 - ((-1)/(-1))/(-1). Calculate the remainder when 2/(-11) + c/(-22) is divided by 3.
1
Let k(q) = q**3 + 15*q**2 - 16*q + 15. Calculate the remainder when 89 is divided by k(-16).
14
Suppose -4 = -5*z + 3*z. Suppose k - 30 = -z*k. Calculate the remainder when ((-11)/4 + -2)*-4 is divided by k.
9
Let n(x) = -5*x - 30. Calculate the remainder when n(-16) is divided by 27.
23
Let u = 115 - 82. Calculate the remainder when u is divided by 1.
0
Let i(o) = o**2. Suppose b = -4*d + 17, 0 = -d - 2*d + b + 11. Suppose d*c + 44 = 5*t + 2*c, -22 = -4*t - 5*c. What is the remainder when i(t) is divided by 22?
20
Let a(f) = 5*f + 9. What is the remainder when a(7) is divided by 15?
14
Suppose 7*b = -0*b + 63. Calculate the remainder when 14 is divided by b.
5
Suppose -3*n - 1 = -13. Suppose -2*w + 0*w = -22. Calculate the remainder when w is divided by n.
3
Suppose -2*v - q + 27 = 0, -v + 6*q - 9 = 2*q. What is the remainder when (-1 + -3)/((-24)/126) is divided by v?
10
Let c = -7 + 10. Suppose 4*t - 87 = -c*w, 0 = -5*t - 0*t + w + 85. Calculate the remainder when 33 is divided by t.
15
Suppose 0*d = -2*d - 2. Let k be 2*(-2 + 3 + -2). Calculate the remainder when 26 is divided by -6*(d - k/(-4)).
8
Suppose 5 = 3*x - 1. Suppose x = 2*i + 5*o - 16, -2*i + 5*o = -38. What is the remainder when 4 is divided by (28/(-49))/((-4)/i)?
0
Suppose -l = -5*l. Suppose -6*a